{"id":120,"date":"2026-01-09T10:21:12","date_gmt":"2026-01-09T13:21:12","guid":{"rendered":"http:\/\/divinisilva.com\/?page_id=120"},"modified":"2026-01-09T20:28:26","modified_gmt":"2026-01-09T23:28:26","slug":"sobre","status":"publish","type":"page","link":"https:\/\/divinisilva.com\/?page_id=120","title":{"rendered":"Sobre"},"content":{"rendered":"\n<p class=\"has-text-align-left has-source-serif-4-font-family has-small-font-size\" style=\"margin-top:0;margin-right:0;margin-bottom:0;margin-left:0;letter-spacing:1px;line-height:2\"><strong>Divini Silva<\/strong>&nbsp;\u00e9 fot\u00f3grafo, pesquisador e artista visual.<br>Bacharel em Direito e discente do curso superior de Fotografia pelo Centro Universit\u00e1rio Senac S\u00e3o Paulo.<br>Investiga a fotografia como linguagem e forma de express\u00e3o, compreendendo a imagem como meio de dizer o que n\u00e3o se manifesta plenamente por palavras.<br>Seus projetos atravessam temas como trabalho, cidade, mem\u00f3ria, corpo e viol\u00eancia, explorando a constru\u00e7\u00e3o de narrativas visuais e suas rela\u00e7\u00f5es com a vida social.<br>Acredita na fun\u00e7\u00e3o social da arte e na fotografia como ferramenta de den\u00fancia e reflex\u00e3o cr\u00edtica.<\/p>\n\n\n\n<div style=\"height:80px\" aria-hidden=\"true\" class=\"wp-block-spacer\"><\/div>\n\n\n\n<p class=\"has-medium-font-size\" style=\"margin-top:0;margin-right:0;margin-bottom:0;margin-left:0\">Curr\u00edculo<\/p>\n\n\n\n<p class=\"has-small-font-size\" style=\"font-style:normal;font-weight:300\">Para informa\u00e7\u00f5es detalhadas sobre forma\u00e7\u00e3o, projetos, exposi\u00e7\u00f5es e atividades acad\u00eamicas, acesse:<\/p>\n\n\n\n<div class=\"wp-block-file\" style=\"margin-top:var(--wp--preset--spacing--20);margin-right:0;margin-bottom:var(--wp--preset--spacing--20);margin-left:0;padding-top:0;padding-right:0;padding-bottom:0;padding-left:0\"><a id=\"wp-block-file--media-d1663fec-e7f9-4d39-9c2b-953c8f0baa70\" href=\"http:\/\/divinisilva.com\/wp-content\/uploads\/2026\/01\/CV_Divini_Silva_Download.pdf\" target=\"_blank\" rel=\"noreferrer noopener\">CV_Divini_Silva_Download<\/a><\/div>\n\n\n\n<p class=\"has-small-font-size\" style=\"margin-top:0;margin-right:0;margin-bottom:0;margin-left:0\"><a href=\"http:\/\/lattes.cnpq.br\/2029129652746209\" target=\"_blank\" rel=\"noreferrer noopener\">Curr\u00edculo Lattes<\/a><\/p>\n\n\n\n<p><\/p>\n","protected":false},"excerpt":{"rendered":"<p>Divini Silva&nbsp;\u00e9 fot\u00f3grafo, pesquisador e artista visual.Bacharel em Direito e discente do curso superior de Fotografia pelo Centro Universit\u00e1rio Senac S\u00e3o Paulo.Investiga a fotografia como linguagem e forma de express\u00e3o, compreendendo a imagem como meio de dizer o que n\u00e3o se manifesta plenamente por palavras.Seus projetos atravessam temas como trabalho, cidade, mem\u00f3ria, corpo e viol\u00eancia, [&hellip;]<\/p>\n","protected":false},"author":1,"featured_media":0,"parent":0,"menu_order":0,"comment_status":"closed","ping_status":"closed","template":"","meta":{"footnotes":""},"class_list":["post-120","page","type-page","status-publish","hentry"],"yoast_head":"<!-- This site is optimized with the Yoast SEO plugin v26.8 - https:\/\/yoast.com\/product\/yoast-seo-wordpress\/ -->\n<title>Sobre - Divini Silva<\/title>\n<meta name=\"robots\" content=\"index, follow, max-snippet:-1, max-image-preview:large, max-video-preview:-1\" \/>\n<link rel=\"canonical\" href=\"https:\/\/divinisilva.com\/?page_id=120\" \/>\n<meta property=\"og:locale\" content=\"en_US\" \/>\n<meta property=\"og:type\" content=\"article\" \/>\n<meta property=\"og:title\" content=\"Sobre - Divini Silva\" \/>\n<meta property=\"og:description\" content=\"Divini Silva&nbsp;\u00e9 fot\u00f3grafo, pesquisador e artista visual.Bacharel em Direito e discente do curso superior de Fotografia pelo Centro Universit\u00e1rio Senac S\u00e3o Paulo.Investiga a fotografia como linguagem e forma de express\u00e3o, compreendendo a imagem como meio de dizer o que n\u00e3o se manifesta plenamente por palavras.Seus projetos atravessam temas como trabalho, cidade, mem\u00f3ria, corpo e viol\u00eancia, [&hellip;]\" \/>\n<meta property=\"og:url\" content=\"https:\/\/divinisilva.com\/?page_id=120\" \/>\n<meta property=\"og:site_name\" content=\"Divini Silva\" \/>\n<meta property=\"article:modified_time\" content=\"2026-01-09T23:28:26+00:00\" \/>\n<meta name=\"twitter:card\" content=\"summary_large_image\" \/>\n<meta name=\"twitter:label1\" content=\"Est. reading time\" \/>\n\t<meta name=\"twitter:data1\" content=\"1 minute\" \/>\n<script type=\"application\/ld+json\" class=\"yoast-schema-graph\">{\"@context\":\"https:\/\/schema.org\",\"@graph\":[{\"@type\":\"WebPage\",\"@id\":\"https:\/\/divinisilva.com\/?page_id=120\",\"url\":\"https:\/\/divinisilva.com\/?page_id=120\",\"name\":\"Sobre - Divini Silva\",\"isPartOf\":{\"@id\":\"http:\/\/divinisilva.com\/#website\"},\"datePublished\":\"2026-01-09T13:21:12+00:00\",\"dateModified\":\"2026-01-09T23:28:26+00:00\",\"breadcrumb\":{\"@id\":\"https:\/\/divinisilva.com\/?page_id=120#breadcrumb\"},\"inLanguage\":\"en-US\",\"potentialAction\":[{\"@type\":\"ReadAction\",\"target\":[\"https:\/\/divinisilva.com\/?page_id=120\"]}]},{\"@type\":\"BreadcrumbList\",\"@id\":\"https:\/\/divinisilva.com\/?page_id=120#breadcrumb\",\"itemListElement\":[{\"@type\":\"ListItem\",\"position\":1,\"name\":\"Home\",\"item\":\"http:\/\/divinisilva.com\/\"},{\"@type\":\"ListItem\",\"position\":2,\"name\":\"Sobre\"}]},{\"@type\":\"WebSite\",\"@id\":\"http:\/\/divinisilva.com\/#website\",\"url\":\"http:\/\/divinisilva.com\/\",\"name\":\"Divini Silva\",\"description\":\"\",\"potentialAction\":[{\"@type\":\"SearchAction\",\"target\":{\"@type\":\"EntryPoint\",\"urlTemplate\":\"http:\/\/divinisilva.com\/?s={search_term_string}\"},\"query-input\":{\"@type\":\"PropertyValueSpecification\",\"valueRequired\":true,\"valueName\":\"search_term_string\"}}],\"inLanguage\":\"en-US\"}]}<\/script>\n<!-- \/ Yoast SEO plugin. -->","yoast_head_json":{"title":"Sobre - Divini Silva","robots":{"index":"index","follow":"follow","max-snippet":"max-snippet:-1","max-image-preview":"max-image-preview:large","max-video-preview":"max-video-preview:-1"},"canonical":"https:\/\/divinisilva.com\/?page_id=120","og_locale":"en_US","og_type":"article","og_title":"Sobre - Divini Silva","og_description":"Divini Silva&nbsp;\u00e9 fot\u00f3grafo, pesquisador e artista visual.Bacharel em Direito e discente do curso superior de Fotografia pelo Centro Universit\u00e1rio Senac S\u00e3o Paulo.Investiga a fotografia como linguagem e forma de express\u00e3o, compreendendo a imagem como meio de dizer o que n\u00e3o se manifesta plenamente por palavras.Seus projetos atravessam temas como trabalho, cidade, mem\u00f3ria, corpo e viol\u00eancia, [&hellip;]","og_url":"https:\/\/divinisilva.com\/?page_id=120","og_site_name":"Divini Silva","article_modified_time":"2026-01-09T23:28:26+00:00","twitter_card":"summary_large_image","twitter_misc":{"Est. reading time":"1 minute"},"schema":{"@context":"https:\/\/schema.org","@graph":[{"@type":"WebPage","@id":"https:\/\/divinisilva.com\/?page_id=120","url":"https:\/\/divinisilva.com\/?page_id=120","name":"Sobre - Divini Silva","isPartOf":{"@id":"http:\/\/divinisilva.com\/#website"},"datePublished":"2026-01-09T13:21:12+00:00","dateModified":"2026-01-09T23:28:26+00:00","breadcrumb":{"@id":"https:\/\/divinisilva.com\/?page_id=120#breadcrumb"},"inLanguage":"en-US","potentialAction":[{"@type":"ReadAction","target":["https:\/\/divinisilva.com\/?page_id=120"]}]},{"@type":"BreadcrumbList","@id":"https:\/\/divinisilva.com\/?page_id=120#breadcrumb","itemListElement":[{"@type":"ListItem","position":1,"name":"Home","item":"http:\/\/divinisilva.com\/"},{"@type":"ListItem","position":2,"name":"Sobre"}]},{"@type":"WebSite","@id":"http:\/\/divinisilva.com\/#website","url":"http:\/\/divinisilva.com\/","name":"Divini Silva","description":"","potentialAction":[{"@type":"SearchAction","target":{"@type":"EntryPoint","urlTemplate":"http:\/\/divinisilva.com\/?s={search_term_string}"},"query-input":{"@type":"PropertyValueSpecification","valueRequired":true,"valueName":"search_term_string"}}],"inLanguage":"en-US"}]}},"_links":{"self":[{"href":"https:\/\/divinisilva.com\/index.php?rest_route=\/wp\/v2\/pages\/120","targetHints":{"allow":["GET"]}}],"collection":[{"href":"https:\/\/divinisilva.com\/index.php?rest_route=\/wp\/v2\/pages"}],"about":[{"href":"https:\/\/divinisilva.com\/index.php?rest_route=\/wp\/v2\/types\/page"}],"author":[{"embeddable":true,"href":"https:\/\/divinisilva.com\/index.php?rest_route=\/wp\/v2\/users\/1"}],"replies":[{"embeddable":true,"href":"https:\/\/divinisilva.com\/index.php?rest_route=%2Fwp%2Fv2%2Fcomments&post=120"}],"version-history":[{"count":14,"href":"https:\/\/divinisilva.com\/index.php?rest_route=\/wp\/v2\/pages\/120\/revisions"}],"predecessor-version":[{"id":158,"href":"https:\/\/divinisilva.com\/index.php?rest_route=\/wp\/v2\/pages\/120\/revisions\/158"}],"wp:attachment":[{"href":"https:\/\/divinisilva.com\/index.php?rest_route=%2Fwp%2Fv2%2Fmedia&parent=120"}],"curies":[{"name":"wp","href":"https:\/\/api.w.org\/{rel}","templated":true}]}}